{"id":77667,"date":"2018-06-14T17:00:43","date_gmt":"2018-06-14T15:00:43","guid":{"rendered":"http:\/\/v2home.com\/prodotti\/elektromechanischer-irreversibler-stellantrieb-mit-gelenkarm-230v-und-24v-fur-flugeltore-mit-flugeln-bis-3-m-lange\/"},"modified":"2022-07-18T14:16:37","modified_gmt":"2022-07-18T12:16:37","slug":"elektromechanischer-irreversibler-stellantrieb-mit-gelenkarm-230v-und-24v-fur-flugeltore-mit-flugeln-bis-3-m-lange","status":"publish","type":"prodotti","link":"https:\/\/v2home.com\/de\/produkt\/elektromechanischer-irreversibler-stellantrieb-mit-gelenkarm-230v-und-24v-fur-flugeltore-mit-flugeln-bis-3-m-lange\/","title":{"rendered":"Irreversibler elektromechanischer Gelenkarmantrieb f\u00fcr Drehtore mit Fl\u00fcgeln bis 3 m. L\u00e4nge Verf\u00fcgbar in den Versionen 24V und 230V"},"content":{"rendered":"\n<!-- SEO Ultimate (http:\/\/www.seodesignsolutions.com\/wordpress-seo\/) - Code Inserter module -->\n<!-- Google Tag Manager (noscript) -->\r\n<noscript><iframe src=\"https:\/\/www.googletagmanager.com\/ns.html?id=GTM-5PTVMVL\"\r\nheight=\"0\" width=\"0\" style=\"display:none;visibility:hidden\"><\/iframe><\/noscript>\r\n<!-- End Google Tag Manager (noscript) -->\n<!-- \/SEO Ultimate -->\n\n","protected":false},"featured_media":87541,"parent":0,"template":"","categoria":[41366,966],"caratteristica_tecnica":[],"accessori":[41396,41234,41372],"icona_distintiva":[42686],"_links":{"self":[{"href":"https:\/\/v2home.com\/de\/wp-json\/wp\/v2\/prodotti\/77667"}],"collection":[{"href":"https:\/\/v2home.com\/de\/wp-json\/wp\/v2\/prodotti"}],"about":[{"href":"https:\/\/v2home.com\/de\/wp-json\/wp\/v2\/types\/prodotti"}],"wp:featuredmedia":[{"embeddable":true,"href":"https:\/\/v2home.com\/de\/wp-json\/wp\/v2\/media\/87541"}],"wp:attachment":[{"href":"https:\/\/v2home.com\/de\/wp-json\/wp\/v2\/media?parent=77667"}],"wp:term":[{"taxonomy":"categoria","embeddable":true,"href":"https:\/\/v2home.com\/de\/wp-json\/wp\/v2\/categoria?post=77667"},{"taxonomy":"caratteristica_tecnica","embeddable":true,"href":"https:\/\/v2home.com\/de\/wp-json\/wp\/v2\/caratteristica_tecnica?post=77667"},{"taxonomy":"accessori","embeddable":true,"href":"https:\/\/v2home.com\/de\/wp-json\/wp\/v2\/accessori?post=77667"},{"taxonomy":"icona_distintiva","embeddable":true,"href":"https:\/\/v2home.com\/de\/wp-json\/wp\/v2\/icona_distintiva?post=77667"}],"curies":[{"name":"wp","href":"https:\/\/api.w.org\/{rel}","templated":true}]}}

Irreversibler elektromechanischer Gelenkarmantrieb für Drehtore mit Flügeln bis 3 m. Länge Verfügbar in den Versionen 24V und 230V
