{"id":82336,"date":"2018-06-14T17:27:13","date_gmt":"2018-06-14T15:27:13","guid":{"rendered":"http:\/\/v2home.com\/prodotti\/anemometro-con-sensor-de-sol-y-temperatura-via-radio-y-alimentacion-por-celulas-solares\/"},"modified":"2018-09-26T14:32:27","modified_gmt":"2018-09-26T12:32:27","slug":"anemometro-con-sensor-de-sol-y-temperatura-via-radio-y-alimentacion-por-celulas-solares","status":"publish","type":"prodotti","link":"https:\/\/v2home.com\/es\/producto\/anemometro-con-sensor-de-sol-y-temperatura-via-radio-y-alimentacion-por-celulas-solares\/","title":{"rendered":"Anem\u00f3metro con sensor de sol y temperatura &#8211; VIA RADIO y alimentaci\u00f3n por c\u00e9lulas solares"},"content":{"rendered":"\n<!-- SEO Ultimate (http:\/\/www.seodesignsolutions.com\/wordpress-seo\/) - Code Inserter module -->\n<!-- Google Tag Manager (noscript) -->\r\n<noscript><iframe src=\"https:\/\/www.googletagmanager.com\/ns.html?id=GTM-5PTVMVL\"\r\nheight=\"0\" width=\"0\" style=\"display:none;visibility:hidden\"><\/iframe><\/noscript>\r\n<!-- End Google Tag Manager (noscript) -->\n<!-- \/SEO Ultimate -->\n\n","protected":false},"featured_media":85365,"parent":0,"template":"","categoria":[971,42465],"caratteristica_tecnica":[],"accessori":[42471],"icona_distintiva":[],"_links":{"self":[{"href":"https:\/\/v2home.com\/es\/wp-json\/wp\/v2\/prodotti\/82336"}],"collection":[{"href":"https:\/\/v2home.com\/es\/wp-json\/wp\/v2\/prodotti"}],"about":[{"href":"https:\/\/v2home.com\/es\/wp-json\/wp\/v2\/types\/prodotti"}],"wp:featuredmedia":[{"embeddable":true,"href":"https:\/\/v2home.com\/es\/wp-json\/wp\/v2\/media\/85365"}],"wp:attachment":[{"href":"https:\/\/v2home.com\/es\/wp-json\/wp\/v2\/media?parent=82336"}],"wp:term":[{"taxonomy":"categoria","embeddable":true,"href":"https:\/\/v2home.com\/es\/wp-json\/wp\/v2\/categoria?post=82336"},{"taxonomy":"caratteristica_tecnica","embeddable":true,"href":"https:\/\/v2home.com\/es\/wp-json\/wp\/v2\/caratteristica_tecnica?post=82336"},{"taxonomy":"accessori","embeddable":true,"href":"https:\/\/v2home.com\/es\/wp-json\/wp\/v2\/accessori?post=82336"},{"taxonomy":"icona_distintiva","embeddable":true,"href":"https:\/\/v2home.com\/es\/wp-json\/wp\/v2\/icona_distintiva?post=82336"}],"curies":[{"name":"wp","href":"https:\/\/api.w.org\/{rel}","templated":true}]}}

Anemómetro con sensor de sol y temperatura &#8211; VIA RADIO y alimentación por células solares
