{"id":77438,"date":"2018-06-14T16:59:16","date_gmt":"2018-06-14T14:59:16","guid":{"rendered":"http:\/\/v2home.com\/prodotti\/verin-electromecanique-irreversible-230v-et-24v-pour-portails-battants-avec-vantaux-jusqua-3-m-de-long\/"},"modified":"2022-07-18T12:00:10","modified_gmt":"2022-07-18T10:00:10","slug":"verin-electromecanique-irreversible-230v-et-24v-pour-portails-battants-avec-vantaux-jusqua-3-m-de-long","status":"publish","type":"prodotti","link":"https:\/\/v2home.com\/fr\/produit\/verin-electromecanique-irreversible-230v-et-24v-pour-portails-battants-avec-vantaux-jusqua-3-m-de-long\/","title":{"rendered":"V\u00e9rin \u00e9lectrom\u00e9canique irr\u00e9versible pour portails battants avec vantaux jusqu\u2019\u00e0 4 m de long Disponible en 3 versions 400, 500 et 600 mm"},"content":{"rendered":"\n<!-- SEO Ultimate (http:\/\/www.seodesignsolutions.com\/wordpress-seo\/) - Code Inserter module -->\n<!-- Google Tag Manager (noscript) -->\r\n<noscript><iframe src=\"https:\/\/www.googletagmanager.com\/ns.html?id=GTM-5PTVMVL\"\r\nheight=\"0\" width=\"0\" style=\"display:none;visibility:hidden\"><\/iframe><\/noscript>\r\n<!-- End Google Tag Manager (noscript) -->\n<!-- \/SEO Ultimate -->\n\n","protected":false},"featured_media":85452,"parent":0,"template":"","categoria":[962,41365],"caratteristica_tecnica":[],"accessori":[41425,41233,41371],"icona_distintiva":[],"_links":{"self":[{"href":"https:\/\/v2home.com\/fr\/wp-json\/wp\/v2\/prodotti\/77438"}],"collection":[{"href":"https:\/\/v2home.com\/fr\/wp-json\/wp\/v2\/prodotti"}],"about":[{"href":"https:\/\/v2home.com\/fr\/wp-json\/wp\/v2\/types\/prodotti"}],"wp:featuredmedia":[{"embeddable":true,"href":"https:\/\/v2home.com\/fr\/wp-json\/wp\/v2\/media\/85452"}],"wp:attachment":[{"href":"https:\/\/v2home.com\/fr\/wp-json\/wp\/v2\/media?parent=77438"}],"wp:term":[{"taxonomy":"categoria","embeddable":true,"href":"https:\/\/v2home.com\/fr\/wp-json\/wp\/v2\/categoria?post=77438"},{"taxonomy":"caratteristica_tecnica","embeddable":true,"href":"https:\/\/v2home.com\/fr\/wp-json\/wp\/v2\/caratteristica_tecnica?post=77438"},{"taxonomy":"accessori","embeddable":true,"href":"https:\/\/v2home.com\/fr\/wp-json\/wp\/v2\/accessori?post=77438"},{"taxonomy":"icona_distintiva","embeddable":true,"href":"https:\/\/v2home.com\/fr\/wp-json\/wp\/v2\/icona_distintiva?post=77438"}],"curies":[{"name":"wp","href":"https:\/\/api.w.org\/{rel}","templated":true}]}}

Vérin électromécanique irréversible pour portails battants avec vantaux jusqu’à 4 m de long Disponible en 3 versions 400, 500 et 600 mm
