{"id":82337,"date":"2018-06-14T17:27:14","date_gmt":"2018-06-14T15:27:14","guid":{"rendered":"http:\/\/v2home.com\/prodotti\/anemometro-com-sensor-de-sol-e-temperatura-via-radio-e-alimentacao-de-celulas-solares\/"},"modified":"2018-09-14T14:38:32","modified_gmt":"2018-09-14T12:38:32","slug":"anemometro-com-sensor-de-sol-e-temperatura-via-radio-e-alimentacao-de-celulas-solares","status":"publish","type":"prodotti","link":"https:\/\/v2home.com\/pt-pt\/produto\/anemometro-com-sensor-de-sol-e-temperatura-via-radio-e-alimentacao-de-celulas-solares\/","title":{"rendered":"Anem\u00f3metro com sensor de sol e temperatura (sinal via R\u00c1DIO e alimenta\u00e7\u00e3o de c\u00e9lulas solares)"},"content":{"rendered":"\n<!-- SEO Ultimate (http:\/\/www.seodesignsolutions.com\/wordpress-seo\/) - Code Inserter module -->\n<!-- Google Tag Manager (noscript) -->\r\n<noscript><iframe src=\"https:\/\/www.googletagmanager.com\/ns.html?id=GTM-5PTVMVL\"\r\nheight=\"0\" width=\"0\" style=\"display:none;visibility:hidden\"><\/iframe><\/noscript>\r\n<!-- End Google Tag Manager (noscript) -->\n<!-- \/SEO Ultimate -->\n\n","protected":false},"featured_media":82309,"parent":0,"template":"","categoria":[969,42466],"caratteristica_tecnica":[],"accessori":[42472],"icona_distintiva":[],"_links":{"self":[{"href":"https:\/\/v2home.com\/pt-pt\/wp-json\/wp\/v2\/prodotti\/82337"}],"collection":[{"href":"https:\/\/v2home.com\/pt-pt\/wp-json\/wp\/v2\/prodotti"}],"about":[{"href":"https:\/\/v2home.com\/pt-pt\/wp-json\/wp\/v2\/types\/prodotti"}],"wp:featuredmedia":[{"embeddable":true,"href":"https:\/\/v2home.com\/pt-pt\/wp-json\/wp\/v2\/media\/82309"}],"wp:attachment":[{"href":"https:\/\/v2home.com\/pt-pt\/wp-json\/wp\/v2\/media?parent=82337"}],"wp:term":[{"taxonomy":"categoria","embeddable":true,"href":"https:\/\/v2home.com\/pt-pt\/wp-json\/wp\/v2\/categoria?post=82337"},{"taxonomy":"caratteristica_tecnica","embeddable":true,"href":"https:\/\/v2home.com\/pt-pt\/wp-json\/wp\/v2\/caratteristica_tecnica?post=82337"},{"taxonomy":"accessori","embeddable":true,"href":"https:\/\/v2home.com\/pt-pt\/wp-json\/wp\/v2\/accessori?post=82337"},{"taxonomy":"icona_distintiva","embeddable":true,"href":"https:\/\/v2home.com\/pt-pt\/wp-json\/wp\/v2\/icona_distintiva?post=82337"}],"curies":[{"name":"wp","href":"https:\/\/api.w.org\/{rel}","templated":true}]}}

Anemómetro com sensor de sol e temperatura (sinal via RÁDIO e alimentação de células solares)
